ivisor of 2665 and 9781395.
65
What is the highest common factor of 62760 and 24168?
24
Calculate the greatest common divisor of 6640 and 27065.
5
What is the greatest common factor of 50996779 and 76?
19
What is the highest common factor of 34959 and 29154?
129
What is the highest common divisor of 4036 and 716?
4
Calculate the highest common divisor of 16559880 and 480.
120
Calculate the greatest common divisor of 466784 and 25056.
928
What is the highest common factor of 3970 and 6658484?
794
What is the greatest common divisor of 102 and 12916923?
51
Calculate the highest common factor of 117 and 39599729.
13
Calculate the highest common factor of 80662619 and 947.
947
What is the greatest common factor of 7200688 and 8?
8
Calculate the highest common factor of 499155 and 1040040.
1605
What is the greatest common divisor of 70784 and 26228?
316
What is the highest common factor of 230307004 and 82?
82
Calculate the greatest common divisor of 20 and 12504620.
20
What is the highest common divisor of 94870 and 2482785?
265
What is the highest common factor of 716770 and 134590?
3130
Calculate the highest common divisor of 6349 and 186425687.
6349
Calculate the highest common divisor of 49331808 and 864.
864
Calculate the greatest common divisor of 19449 and 883278.
9
What is the highest common factor of 2247366 and 93874?
374
Calculate the highest common divisor of 19222212 and 381.
381
What is the highest common divisor of 1586 and 10040356?
122
What is the greatest common factor of 23595 and 8051340?
1815
What is the highest common factor of 14577402 and 343?
49
What is the highest common divisor of 19529 and 507092?
331
Calculate the greatest common divisor of 1008200 and 237850.
3550
Calculate the highest common divisor of 106278662 and 714.
238
What is the greatest common factor of 27 and 16411959?
9
What is the greatest common divisor of 749782 and 1576?
394
Calculate the greatest common divisor of 66526 and 311054.
1798
What is the highest common factor of 2377716 and 3300?
132
What is the greatest common factor of 1896319 and 2419?
59
Calculate the greatest common divisor of 1060479 and 483.
21
What is the highest common divisor of 112 and 4115600?
16
What is the greatest common divisor of 10108 and 186564?
28
Calculate the greatest common factor of 495004 and 4232.
4
What is the highest common factor of 157424 and 398?
2
Calculate the highest common factor of 589 and 133777741.
31
What is the highest common factor of 3867 and 1414?
1
What is the highest common factor of 31551012 and 112650?
4506
Calculate the highest common factor of 8955683 and 26598.
341
Calculate the highest common factor of 7580 and 2704165.
1895
Calculate the greatest common factor of 12 and 3858372.
12
Calculate the highest common divisor of 48714 and 4955061.
1059
Calculate the greatest common factor of 11786906 and 214.
214
What is the greatest common factor of 69994 and 994092?
886
What is the greatest common factor of 199036 and 112?
4
What is the highest common factor of 66 and 1458064014?
66
What is the greatest common factor of 980 and 17899740?
20
What is the greatest common factor of 716160 and 15090?
30
What is the highest common factor of 2748 and 53076?
12
What is the greatest common divisor of 3399080 and 4320?
40
What is the greatest common divisor of 187436 and 3196?
188
Calculate the greatest common factor of 40 and 49240728.
8
What is the greatest common divisor of 1664884 and 1261?
13
Calculate the greatest common factor of 42 and 858116.
14
What is the greatest common factor of 12142 and 66014?
26
Calculate the greatest common factor of 252891500 and 1500.
500
Calculate the greatest common factor of 5090691 and 45.
3
What is the greatest common factor of 430400 and 64960?
320
Calculate the greatest common factor of 136468 and 200996.
436
Calculate the greatest common factor of 235 and 4443605.
5
What is the highest common divisor of 1338181842 and 53?
53
Calculate the greatest common divisor of 609815392 and 64.
32
What is the greatest common divisor of 197094 and 799718?
214
Calculate the highest common factor of 435116568 and 1672.
152
What is the highest common factor of 11115251 and 298?
149
What is the highest common divisor of 111 and 35768973?
111
Calculate the greatest common divisor of 2844 and 6818569.
79
What is the highest common divisor of 1633076178 and 296?
74
What is the greatest common divisor of 12 and 653326446?
6
Calculate the highest common factor of 132530 and 296090.
290
What is the greatest common divisor of 603360 and 2610?
90
Calculate the greatest common factor of 3551702 and 3962.
14
Calculate the highest common factor of 68615 and 5818552.
13723
Calculate the highest common factor of 1305 and 521595.
45
What is the highest common factor of 112745413 and 56907?
6323
Calculate the greatest common divisor of 23927 and 222230.
71
Calculate the highest common factor of 168 and 136516674.
42
Calculate the highest common factor of 133 and 133630287.
133
Calculate the greatest common divisor of 27404586 and 297.
99
What is the highest common factor of 19150 and 2572994?
766
Calculate the greatest common divisor of 1287168 and 912.
48
What is the greatest common factor of 7114529 and 67?
67
What is the highest common divisor of 16354 and 30342?
26
What is the greatest common factor of 714 and 2552214?
42
Calculate the highest common divisor of 7 and 16367449.
7
Calculate the greatest common divisor of 65676 and 11292.
12
Calculate the highest common factor of 34048 and 22688.
32
Calculate the highest common divisor of 293 and 25311977.
293
Calculate the greatest common divisor of 57 and 1717619.
19
Calculate the greatest common factor of 51282 and 8379756.
1386
What is the highest common divisor of 1812632 and 1448?
8
Calculate the highest common divisor of 4180 and 4860124.
76
Calculate the highest common divisor of 231 and 16360806.
231
Calculate the greatest common factor of 3251 and 974913131.
3251
What is the greatest common factor of 116611308 and 990?
198
Calculate the greatest common factor of 22231 and 347765.
11
What is the greatest common divisor of 163968 and 4599?
21
What is the greatest common divisor of 102279 and 68907?
309
Calculate the highest common divisor of 11825440 and 480.
160
What is the highest common divisor of 8123782 and 65134?
2246
Calculate the highest common factor of 642 and 132419883.
321
Calculate the highest common divisor of 1560 and 7892235.
195
Calculate the greatest common factor of 2614830 and 885.
15
What is the highest common divisor of 27 and 105024?
3
What is the highest common divisor of 846649 and 5977?
139
What is the greatest common divisor of 120 and 1102620?
60
What is the greatest common divisor of 301438865 and 2341?
2341
Calculate the greatest common factor of 240735208 and 224.
56
What is the highest common divisor of 714070 and 19740?
70
Calculate the greatest common divisor of 5620 and 104200420.
5620
What is the highest common divisor of 19253 and 30862?
13
What is the greatest common divisor of 8977769 and 56849?
4373
Calculate the highest common factor of 667 and 4039835.
23
What is the highest common divisor of 351762 and 10557?
69
What is the greatest common factor of 3980988 and 9900?
396
Calculate the highest common divisor of 611 and 534456.
13
Calculate the highest common divisor of 170388134 and 66570.
4438
Calculate the highest common divisor of 22293 and 6471.
9
Calculate the highest common factor of 92176 and 112751.
823
What is the highest common factor of 466093958 and 11?
11
What is the greatest common divisor of 261663888 and 64?
16
What is the highest common factor of 3090 and 4719048?
618
What is the greatest common divisor of 341 and 2956987?
11
Calculate the highest common divisor of 305418412 and 26.
26
What is the greatest common divisor of 5550342 and 1134?
42
What is the greatest common factor of 37476 and 825905457?
9369
Calculate the highest common factor of 6671696 and 6.
2
Calculate the highest common factor of 3972816 and 1174248.
3384
Calculate the greatest common divisor of 1296240 and 74910.
330
What is the greatest common factor of 124462712 and 44715?
2981
What is the greatest common divisor of 2633481 and 1953?
279
Calculate 